d + d + 3*t + 41 = 0, 0 = -3*d - 2*t + 35. What is the hundreds digit of s(d)?
1
Let g be (-9)/(-12)*(-32)/(-12). Let s(c) = 18*c**g - 4 + c + 5 + 18*c**2 - 2. What is the tens digit of s(1)?
3
Let y(v) = 3*v**2 - 6*v - 11. Let w = -20 - -26. What is the units digit of y(w)?
1
Let x(h) = -5*h**3 - 3*h**2 - 11 - 8*h**3 + 8 + 4*h**2 - 5*h. What is the units digit of x(-2)?
5
Suppose 31*i - 38*i = -13412. What is the hundreds digit of i?
9
Let j(p) = -p**3 + 7*p**2 + 8*p + 2. Let m be j(8). Suppose -u - 56 = -x, u - m*u + 209 = 4*x. Let i = -36 + x. What is the tens digit of i?
1
Let b = -30 - -42. What is the tens digit of (-15*2)/((-9)/b)?
4
Let z(n) = 11*n + 24. Let w be z(-2). Suppose -119 = w*s - 467. What is the units digit of s?
4
Let r(p) be the second derivative of p**7/2520 + 19*p**5/120 - 5*p**4/12 - 5*p. Let q(x) be the third derivative of r(x). What is the tens digit of q(0)?
1
Let t(r) be the third derivative of -r**4/4 + r**3 + 17*r**2. What is the tens digit of t(-3)?
2
Let v(i) = -i**2 - 4*i. Let k be v(-5). Let y = k + 8. Suppose 93 = y*l - 3*a, -3*a + 2 + 1 = 0. What is the units digit of l?
2
Let a(m) = m**2 + 5*m + 7. Let p(n) = -n**3 - 3*n**2 + 4*n - 5. Suppose 0 = -y + 9 - 13. Let l be p(y). What is the units digit of a(l)?
7
Let v(p) = 2*p**2 + p + 1. Let d(u) = u**2 + u + 1. Let r(j) = -5*d(j) + 5*v(j). Suppose -t = -3*t - 6. What is the units digit of r(t)?
5
Let w(i) = -i**3 - 3*i**2 - 9*i. Let q = 99 + -103. What is the units digit of w(q)?
2
Suppose -3*o + 14292 = 3*g, -2*o - 8 = -0. What is the units digit of g?
8
Suppose 5*s - 4*y = 7089, 7113 = -59*s + 64*s + 2*y. What is the thousands digit of s?
1
Suppose 8*y = 16*y - 7592. What is the tens digit of y?
4
Let c = -483 - -593. What is the tens digit of c?
1
What is the tens digit of (565 + 5)*(0 - (-16)/10)?
1
What is the units digit of (-39)/(-52) + (-7887)/(-12)?
8
Let c = -11 + 4. Let j = -6 - c. What is the units digit of (j - 2)/((-4)/136)?
4
Suppose -5*o = -4*o - 4. Suppose -o*n - n + r = 11, -4*n - 2*r - 6 = 0. What is the tens digit of (24/18)/(n/(-36))?
2
Suppose -2*n = -t + 29 + 3, 4*n + 76 = -4*t. Let o = n + 49. Suppose -2*i + i = 2*r - o, 64 = 4*r - 5*i. What is the tens digit of r?
1
Let h be ((-6)/(-3) - (-2 + -1)) + 1. Suppose 0 = -6*g - h*g + 612. What is the tens digit of g?
5
Let h be (4/(-5))/(2/(-35)). Let q be ((-603)/9 - 9)*(-6)/8. What is the units digit of h - 0 - q/(-19)?
7
Let z be -23 - ((-24)/3 + 4). Let d = z + 68. Let n = d + -27. What is the tens digit of n?
2
Suppose 26*f - 21*f + 2*p - 5390 = 0, 3*f + 2*p = 3238. What is the tens digit of f?
7
Suppose 7*l - 368 = 3*l. Let a = -14 - l. What is the tens digit of (18/(-4) - -4)*a?
5
Suppose -i + 10 = 3*s, -i + 5*s - 5 - 1 = 0. Suppose -m - i = 0, 5*g + 4*m + m + 15 = 0. What is the units digit of g?
1
Let j(l) = -192*l + 6. Suppose 4*a = 2 + 18, w + 3*a = 14. What is the hundreds digit of j(w)?
1
Suppose 8*v - 5 = 99. Let r = v - 29. What is the tens digit of 284/14 + r/56?
2
What is the tens digit of ((-22)/2)/(49/(-980))?
2
Let q be 4/(-12) + (-21)/(-9). Suppose c + 75 = q*b, -4*c = 5*b + 2 - 157. What is the units digit of b?
5
Let x(h) = 8 - 5 - 4*h + 2*h + 7. What is the tens digit of x(-20)?
5
Let i = 7 + 3. Let p be ((-104)/(-10))/(i/25). Let j = p + 12. What is the units digit of j?
8
Suppose -o - 77 = -3*o + y, -5*o = -y - 188. What is the tens digit of o?
3
Let f be (-2*17 + 1)/(-1). Let m = f - 29. Suppose m*j = -n + 28, 5*n - 156 = j + 47. What is the tens digit of n?
4
Let l(o) = o**3 + 4*o**2 + 8*o + 7. Let h be l(-6). What is the tens digit of (-5)/(-15) - 2/6*h?
3
Let z = 177 - -164. What is the hundreds digit of z?
3
What is the hundreds digit of 5 + -1 - (-34)/(-85)*-285?
1
Suppose 3*l = 1185 + 435. What is the tens digit of l?
4
Let p = -493 + 816. What is the units digit of p?
3
Let m = 58 + -58. What is the units digit of 154 + m/(-4 - -2)?
4
What is the hundreds digit of (-172)/(7/((-28)/12))*3?
1
Suppose -5*n = 5*y + 20, 0 = 2*y + 4 + 4. Suppose -u - 4*d + 88 = 3*u, -2*u + 4*d + 26 = n. What is the tens digit of u?
1
Suppose 4*o = 9 + 11. Let h be (-38)/(-6) - o/15. Suppose -3*f - 2*x + 51 = 0, -h*x = -x. What is the units digit of f?
7
Suppose 3 = 3*c - 6. Suppose -c*n + 2*m = -58, -2*n - 2*m + 19 = -33. What is the units digit of n?
2
Let a = 46 - 26. Suppose 2*r - 28 = 3*j, -4*r - 3*j - a = -76. What is the units digit of r?
4
Suppose 5*r + 486 = -5*l + 4*r, -2*r + 192 = -2*l. Let z = -13 - l. What is the units digit of z?
4
Let c = -1081 - -1571. What is the tens digit of c?
9
Let h be 12/30 - (-249)/15. Suppose h = m - 7. What is the tens digit of m?
2
Let m = 135 - 88. What is the units digit of m?
7
Let b(f) = 65*f**2 + 8*f - 9*f - 11*f**2 - 2. Let j be b(-2). What is the tens digit of 15/(-6)*j/(-20)?
2
Suppose -t = -0*t. Suppose -5*c + 405 = 4*q, 400 = 5*c - t*c + 3*q. What is the units digit of c?
7
Let m be (-2)/(-3)*(-2190)/(-20). Let o = m + -27. What is the units digit of o?
6
Suppose 4*g = -5*f - 466 + 7324, 0 = -3*f - 2*g + 4116. What is the hundreds digit of f?
3
What is the units digit of (35/5 + -14)*(-1396)/14?
8
Let z(k) = 80*k + 298. What is the hundreds digit of z(47)?
0
Let a = -3 + 5. Suppose t - 2*y = -7, -3*t - y + a*y - 26 = 0. Let c = 28 + t. What is the tens digit of c?
1
What is the units digit of ((-3788)/20)/(10/(-50))?
7
Suppose 2*p + 2*u = -123 - 211, -p - 167 = 4*u. Let i = p + 274. What is the units digit of i?
7
Let u(b) = 2*b + 1. Let c be u(4). Suppose j = -n + 3, -2*n + 4*n = -3*j + c. Suppose -20 = -3*x + 4*y + 43, n = y. What is the units digit of x?
1
Let p(o) = -219*o + 17. Let h be p(-7). Let a be h/(-20) + 2/(-4). Let g = -46 - a. What is the tens digit of g?
3
Let j = -306 + 351. What is the units digit of j?
5
Let t(o) = -o**2 + 23*o - 6. Let p be t(27). Let v = p + 261. What is the tens digit of v?
4
Let a = -263 - -158. Let z = a - -69. Let n = -7 - z. What is the tens digit of n?
2
Suppose -m - 4*m - 2*p + 10 = 0, 2 = m + p. Let f(w) = 2*w**2 + w + 2*w**2 - 33*w**3 - 4*w**2 + 2*w**m. What is the tens digit of f(-1)?
3
Let z(s) = -s + 14. Let i(l) = -l**3 - 15*l**2 - 13*l + 20. Let u = -22 + 8. Let f be i(u). What is the units digit of z(f)?
8
Suppose 4*x - 866 = 2*l, 0 = -4*x - 2*l + 1362 - 484. What is the tens digit of x?
1
Let g = 2389 + 2723. What is the hundreds digit of g?
1
Suppose 7*k - 4*k = 9, -q + 4*k = 5. Suppose q*y - 11*y = -404. What is the hundreds digit of y?
1
Let c(w) = 2*w - 6. Let r be c(-7). Let y(h) = -2*h + 4. What is the units digit of y(r)?
4
Suppose 0 = -2*h + f - 5 - 9, -2*h + 3*f - 22 = 0. Let y = 43 - h. What is the tens digit of y?
4
Suppose 0 = -4*s - 35 + 463. Let u = s - -50. What is the hundreds digit of u?
1
Suppose 29*c - 6075 = 8686. What is the units digit of c?
9
Let j(w) = w + 10 + 43*w**3 - 42*w**3 - 8*w**2 - 4*w + 10*w. Let v = 13 + -6. What is the units digit of j(v)?
0
Let o be (3 - (0 - 4))*37. Suppose 0 = -3*c + 5*x + o, 0 = -5*x + 5 - 0. What is the units digit of c?
8
Let m(q) = -22*q - 99. What is the hundreds digit of m(-34)?
6
Let s be 15/(-20) - 33/(-12). Suppose 66 = 4*y + s. What is the tens digit of 35 - 5/((-20)/y)?
3
Suppose 5*m - 4*a - 297 = 0, 0*a = a - 2. Suppose 131 = 5*q + p, 4*q + 3*p - m = 35. Suppose -s - q = -c + 4*s, -c + s + 11 = 0. What is the units digit of c?
7
Suppose -3*z = -5*k - 1034, 10*k + 348 = z + 5*k. What is the units digit of z?
3
Let j = -46 + 49. Let q(a) = 5*a**2 + 7*a. What is the tens digit of q(j)?
6
Let d be (-1)/((-3)/((-12)/(-1))). Suppose -d*h = -0*h - 12. Suppose 2*r - 4*w = -w + 7, r - 2 = h*w. What is the units digit of r?
5
Suppose 5*k + x = 15, -35 = -3*k - 2*k - 5*x. Suppose -3*p - 4*q = -166, 0*p - 2*q = -k*p + 106. Suppose -2*t - p = -4*t. What is the units digit of t?
7
Let j(k) = -10*k + 5. Let l(w) = -w. Let v(m) = 2*j(m) - 22*l(m). What is the units digit of v(8)?
6
Let n = 597 + 1918. What is the tens digit of n?
1
Let t(g) = 9*g**3 - g**2 + g + 13. What is the hundreds digit of t(5)?
1
Let h(j) = -j**3 - 5*j**2 + 5*j. Let x be h(-6). Suppose 100 = -x*f + 1948. What is the units digit of f?
8
Suppose 2*k - 48 = -2*k. Let z be (-213)/k - 1/4. Let v = 32 + z. What is the units digit of v?
4
What is the h